 + 38. Calculate g(-29).
9
Let a(b) = -15*b - 12. What is a(-1)?
3
Let u(h) = -5*h - 9. Give u(-2).
1
Let y(r) = 39*r**2 + r - 3. Calculate y(1).
37
Let p(h) = -2*h - 92. Give p(0).
-92
Let x(o) = 13*o + 482. Determine x(-37).
1
Let x(t) = t**3 + 8*t**2 - 20*t - 4. What is x(-10)?
-4
Let n(i) = -i**3 - 3*i**2 + i + 7. Give n(-4).
19
Let w(p) = 6*p**2 - 9*p - 2. What is w(3)?
25
Let q(b) = b - 9. Calculate q(-7).
-16
Let t(j) = -4*j**2 - 19*j - 16. Calculate t(-7).
-79
Let m(a) = a**2 - 25*a - 662. Give m(-16).
-6
Let p(i) = -i + 14. Calculate p(-7).
21
Let p(l) = 18*l - 18. Calculate p(2).
18
Let g(n) = 16*n**3 - 3*n - 3. Give g(-1).
-16
Let r(q) = 5*q - 30. Give r(9).
15
Let n(f) = 2*f**2 + 35*f + 10. Determine n(-14).
-88
Let m(o) = 5*o**2 - 15*o - 1. What is m(3)?
-1
Let d(q) = q**2 + 14*q + 39. Calculate d(-6).
-9
Let z(k) = 4*k - 30. Calculate z(-5).
-50
Let v(r) = 3*r + 58. Give v(-21).
-5
Let k(z) = -z**2 - 32*z - 53. Determine k(-28).
59
Let y(q) = -11*q - 49. Determine y(-4).
-5
Let y(g) = 84*g - 5. What is y(0)?
-5
Let t(i) = 5*i - 16. What is t(-12)?
-76
Let h(a) = 2*a**2 + 5*a - 2. Determine h(2).
16
Let j(v) = 4*v**2 + 6*v + 3. Calculate j(3).
57
Let t(i) = i**2 - 22*i + 26. Determine t(19).
-31
Let y(j) = j**3 + 11*j**2 - 30*j - 216. What is y(-12)?
0
Let o(g) = -2*g**2 - 2*g + 18. Determine o(3).
-6
Let y(r) = -r**3 + 24*r**2 - 47*r + 54. Determine y(22).
-12
Let p(x) = 25*x + 67. Determine p(-2).
17
Let x(k) = 2*k - 19. Give x(14).
9
Let j(g) = -2*g + 67. Give j(17).
33
Let h(v) = 2*v**3 + 21*v**2 + 7*v - 34. Calculate h(-10).
-4
Let m(b) = 2*b**2 + 26*b + 14. What is m(-12)?
-10
Let a(h) = 5*h + 43. What is a(-10)?
-7
Let k(d) = d**2 - 9*d + 5. Determine k(6).
-13
Let y(t) = -t - 10. Give y(6).
-16
Let c(s) = -9*s - 5. Calculate c(-2).
13
Let s(a) = 4*a - 42. Give s(9).
-6
Let l(j) = -23*j + 195. Determine l(9).
-12
Let l(q) = 20*q**2. Calculate l(-3).
180
Let t(i) = 12*i - 2. Determine t(-4).
-50
Let v(m) = -30*m. Give v(1).
-30
Let w(x) = x**2 - x - 8. Calculate w(-3).
4
Let w(n) = n**3 - 6*n - 14. Calculate w(-3).
-23
Let y(g) = -g**3 + 16*g**2 + 2*g - 25. What is y(16)?
7
Let n(r) = -r**2 + 2*r - 120. Calculate n(0).
-120
Let v(z) = -z**3 + 5*z**2 + z. What is v(5)?
5
Let i(k) = -k**3 + 8*k**2 - 7*k - 4. What is i(7)?
-4
Let o(s) = -2*s**2 + s + 4. Determine o(2).
-2
Let i(x) = -25*x - 4. Determine i(-5).
121
Let b(r) = -43*r**3 - 2*r**2 + 2. Give b(-1).
43
Let w(g) = 2*g**3 + g**2 - 4*g - 4. What is w(-3)?
-37
Let x(q) = -q**2 + 10*q - 10. Calculate x(7).
11
Let y(n) = -5*n + 1. What is y(-1)?
6
Let f(w) = w**3 - 8*w**2 + 16*w - 76. Give f(7).
-13
Let o(y) = -2*y**3 + 9*y**2 + 2*y - 9. Give o(4).
15
Let m(g) = -2*g**2 - 15*g + 3. What is m(-8)?
-5
Let r(m) = 9*m**3 + m**2 - 28*m + 27. What is r(1)?
9
Let l(p) = 39*p. Give l(-1).
-39
Let w(j) = -46*j - 12. Give w(-2).
80
Let k(g) = -5*g + 4. Give k(2).
-6
Let c(q) = -q**2 - 40*q + 37. Give c(-41).
-4
Let u(n) = -n**3 - 4*n**2 + 6*n + 8. What is u(-6)?
44
Let f(t) = 2*t + 3. Give f(8).
19
Let g(w) = -5*w - 17. Give g(9).
-62
Let q(p) = 169*p - 675. Give q(4).
1
Let n(h) = -h**2 - 14*h - 25. Give n(-12).
-1
Let x(k) = 6*k**2 + 265*k + 41. Determine x(-44).
-3
Let o(v) = 2*v**3 + 15*v**2 + 9*v + 7. Determine o(-7).
-7
Let m(w) = 36*w**3 - w**2 + 1. Calculate m(-1).
-36
Let g(n) = -2*n**2 + 5. Determine g(-4).
-27
Let x(z) = 3*z**2 - 4*z - 2. What is x(4)?
30
Let y(q) = -q**3 + 10*q**2 - 3*q + 11. What is y(5)?
121
Let t(n) = -n**3 + 14*n**2 - 21*n - 15. What is t(12)?
21
Let o(y) = -y**2 - 19*y - 39. Give o(-16).
9
Let a(s) = -6*s - 92. Give a(-21).
34
Let g(h) = -h + 12. Determine g(0).
12
Let i(v) = -v**2 - 12*v + 13. Determine i(-11).
24
Let g(d) = -2*d - 29. Give g(-10).
-9
Let f(m) = m**2 + 9*m - 1. Give f(-8).
-9
Let b(l) = l**2 - 23*l + 3. Determine b(24).
27
Let p(q) = -q**3 - 10*q**2 + 24*q + 4. What is p(-12)?
4
Let a(c) = -48*c - 172. Give a(-3).
-28
Let l(v) = v - 13. What is l(28)?
15
Let s(i) = -i**2 - 6*i - 1. Give s(-3).
8
Let o(j) = 54*j**3 + 4*j + 4. Calculate o(-1).
-54
Let y(g) = 10*g + 96. Give y(-11).
-14
Let c(y) = 6*y**2 - 11*y + 2. Calculate c(3).
23
Let y(r) = 11*r + 35. Determine y(-4).
-9
Let y(p) = 2*p - 4. Calculate y(-6).
-16
Let f(m) = -m**3 - 36*m**2 - 42*m - 261. Calculate f(-35).
-16
Let a(l) = -l**2 - 14*l - 22. Calculate a(-12).
2
Let m(r) = -60*r**3 - 4*r**2 + 2*r. Give m(1).
-62
Let o(i) = i**3 + 2*i**2 - 19*i + 3. Give o(3).
-9
Let h(q) = -q**3 - 7*q**2 - 5*q - 12. What is h(-6)?
-18
Let k(x) = -x**2 + 3*x + 57. Give k(-13).
-151
Let y(p) = p**2 + 6*p - 27. What is y(3)?
0
Let x(s) = -3*s**3 - 2*s**2 - s - 7. Determine x(-3).
59
Let x(k) = k**2 + 8*k + 10. Calculate x(-8).
10
Let d(b) = -17*b**2 + 3*b - 1. Determine d(2).
-63
Let c(z) = -11*z + 6. Give c(-2).
28
Let v(a) = -a**3 - a + 2. Calculate v(1).
0
Let i(c) = -5*c + 4. Give i(3).
-11
Let d(k) = k**3 - 12*k**2 + 12*k + 2. Calculate d(7).
-159
Let a(s) = -2*s**2 - 14*s - 8. Determine a(-7).
-8
Let n(o) = o**2 - o - 2. Determine n(0).
-2
Let n(z) = z**3 + 9*z**2 - z + 14. What is n(-9)?
23
Let u(r) = r**3 - r**2 - 2*r + 4. Give u(-3).
-26
Let m(q) = 3*q + 12. Give m(-7).
-9
Let z(j) = -6*j**2 + 6*j - 3. What is z(-3)?
-75
Let q(d) = -d**3 - 10*d**2 - 7*d - 20. What is q(-9)?
-38
Let n(g) = 4*g - 6. Determine n(-3).
-18
Let q(w) = -w**2 + 19*w + 63. What is q(21)?
21
Let u(k) = k**2 - 2*k + 1. Calculate u(0).
1
Let w(a) = a**2 + 2*a + 3. Calculate w(6).
51
Let v(y) = y**3 + 16*y**2 + 19*y + 21. Determine v(-15).
-39
Let f(a) = 5*a + 49. Calculate f(-11).
-6
Let m(x) = x**3 - 29*x**2 + 56*x - 50. Determine m(27).
4
Let r(l) = -3*l + 32. What is r(15)?
-13
Let i(y) = y**3 + 15*y**2 + 34*y - 17. Give i(-12).
7
Let n(j) = 2*j + 16. Calculate n(-11).
-6
Let p(y) = -4*y + 1. Give p(-2).
9
Let m(v) = v**2 + 5*v - 45. Determine m(6).
21
Let h(p) = -15*p + 3. What is h(1)?
-12
Let k(i) = -2*i - 37. What is k(-20)?
3
Let o(v) = v**2 - 13*v - 8. What is o(11)?
-30
Let g(z) = -15*z - 4. Determine g(-1).
11
Let t(a) = a**2 - 32*a + 207. What is t(25)?
32
Let g(h) = -h**2 + 16*h - 8. What is g(14)?
20
Let w(p) = p**3 - 9*p**2 + 4*p - 5. What is w(9)?
31
Let r(t) = -t**3 + 3*t**2 + 3*t - 9. Determine r(2).
1
Let k(u) = -u + 1. Give k(0).
1
Let s(g) = g**3 + 25*g**2 + 46*g - 7. Determine s(-23).
-7
Let d(q) = 3*q**2 - 20*q + 7. Determine d(6).
-5
Let o(u) = 3*u**3 - 19*u**2 - 20*u + 38. Give o(7).
-4
Let v(j) = -3*j + 1. Determine v(1).
-2
Let k(q) = q - 20. What is k(10)?
-10
Let t(n) = 13*n**3 - n**2 - 4*n + 5. Calculate t(1).
13
Let q(w) = -3*w**2 - 23*w + 80. Determine q(3).
-16
Let x(i) = -i**3 + 22*i**2 - 18*i - 25. Determine x(21).
38
Let f(m) = m**3 + 10*m**2 + 10*m + 3. What is f(-9)?
-6
Let r(a) = -2*a - 19. Calculate r(-6).
-7
Let x(o) = -2*o**3 + 2*o**2 + o + 2. Give x(2).
-4
Let a(t) = -t**2 - 35*t - 193. What is a(-7)?
3
Let v(j) = j. Determine v(9).
9
Let z(w) = -21*w**2 + 3*w + 7. Determine z(-3).
-191
Let z(m) = m**2 - 6*m - 12. What is z(11)?
43
Let n(k) = k**3 - 6*k**2 - 6*k + 4. Determine n(7).
11
Let t(f) = -f**2 - 12*f - 35. Determine t(-6).
1
Let d(s) = 4*s - 97. What is d(23)?
-5
Let w(f) = 2*f**3 - 7*f**2 + 5*f - 3. Give w(3).
3
Let s(q) = -q**2 - 13*q - 32. Calculate s(-13).
-32
Let w(u) = u**2 + 12*u + 6. Determine w(-12).
6
Let o(a) = a**3 + 3*a**2 + 3*a + 16. Give o(-3).
7
Let s(h) = 11*h - 8. Calculate s(0).
-8
Let f(x) = 8*x - 42. Calculate f(11).
46
Let s(m) = 4*m**2 - 16*m - 22. Calculate s(6).
26
Let q(v) = 49*v - 300. Calculate q(6).
-6
Let j(p) = 7*p + 161. Give j(-23).
0
Let c(t) = 9*t**2 - 6*t - 8. Give c(-3).
91
Let y(h) = 4*h**2 + 10*h - 13. Calculate y(-3).
-7
Let u(r) = -r**3 - 22*r**2 + 23*r - 3. Give u(-23).
-3
Let a(v) = -2*v**2 - 51*v + 24. Give a(-26).
-2
Let f(t) = t**2 + 9*t + 16. What is f(-2)?
2
Let w(s) = -2*s**2 - 5*s - 1. Give w(-4).
-13
Let a(j) = -j**2 - 16*j + 32. What is a(-18)?
-4
Let r(n) = n**3 - n**2 - 2*n - 3. Determine r(3).
9
Let m(j) = -9*j**2 + 60*j - 36. Calculate m(6).
0
Let f(o) = -o + 21. What is f(16)?
5
Let o(t) = t**3 - 5*t**2 + 6*t + 2. Determine o(5).
32
Let f(i) = -i**3 + 11*i**2 - 15*i + 1. Give f(7).
92
Let d(g) = g**3 + 8*g**2 + 11*g + 3. Calculate d(-6).
9
Let u(i) = i**3 - 6*i**2 - 6*i - 4. Calculate u(7).
3
Let c